{"id":64,"date":"2020-01-20T14:42:30","date_gmt":"2020-01-20T13:42:30","guid":{"rendered":"http:\/\/www2.uskvbl.sk\/?page_id=64"},"modified":"2023-11-06T08:38:21","modified_gmt":"2023-11-06T07:38:21","slug":"ako-postupovat-pri-ziadosti-o-laboratorne-vysetrenie-vzorky","status":"publish","type":"page","link":"https:\/\/www.uskvbl.sk\/?page_id=64","title":{"rendered":"AKO POSTUPOVA\u0164 PRI \u017dIADOSTI O LABORAT\u00d3RNE VY\u0160ETRENIE VZORKY"},"content":{"rendered":"\n<p>V&nbsp;pr\u00edpade po\u017eiadavky o&nbsp;ak\u00e9ko\u013evek laborat\u00f3rne vy\u0161etrenie vzorky veterin\u00e1rneho lieku, \u00fa\u010dinnej alebo pomocnej l\u00e1tky at\u010f., \u017eiadate\u013e m\u00e1 svoju po\u017eiadavku o laborat\u00f3rne vy\u0161etrenie vzoriek&nbsp; <strong>vopred&nbsp; telefonicky konzultova\u0165<\/strong> s&nbsp;kontaktnou osobou \u00da\u0160KVBL.<br><\/p>\n\n\n\n<p>N\u00e1sledne k\u00a0n\u00e1m za\u0161le dohodnut\u00e9\/po\u017eadovan\u00e9 mno\u017estvo vzoriek a\u00a0vyplnen\u00fa \u017eiados\u0165 o\u00a0laborat\u00f3rne vy\u0161etrenie k\u00a0n\u00e1m. <\/p>\n\n\n\n<div class=\"wp-block-file\"><a id=\"wp-block-file--media-5393e4b5-99bf-4b7a-881c-45f191599721\" href=\"https:\/\/www.uskvbl.sk\/wp-content\/uploads\/ziadost_o_laboratorne_vysetrenie_vzorky.pdf\" target=\"_blank\" rel=\"noreferrer noopener\">\u017diados\u0165 o laborat\u00f3rne vy\u0161etrenie vzorky<\/a><\/div>\n","protected":false},"excerpt":{"rendered":"<p>V&nbsp;pr\u00edpade po\u017eiadavky o&nbsp;ak\u00e9ko\u013evek laborat\u00f3rne vy\u0161etrenie vzorky veterin\u00e1rneho lieku, \u00fa\u010dinnej alebo pomocnej l\u00e1tky at\u010f., \u017eiadate\u013e m\u00e1 svoju po\u017eiadavku o laborat\u00f3rne vy\u0161etrenie vzoriek&nbsp; vopred&nbsp; telefonicky konzultova\u0165 s&nbsp;kontaktnou osobou \u00da\u0160KVBL. N\u00e1sledne k\u00a0n\u00e1m za\u0161le dohodnut\u00e9\/po\u017eadovan\u00e9 mno\u017estvo vzoriek a\u00a0vyplnen\u00fa \u017eiados\u0165 o\u00a0laborat\u00f3rne vy\u0161etrenie k\u00a0n\u00e1m.<\/p>\n","protected":false},"author":1,"featured_media":0,"parent":0,"menu_order":0,"comment_status":"closed","ping_status":"closed","template":"","meta":{"footnotes":""},"class_list":["post-64","page","type-page","status-publish","hentry"],"_links":{"self":[{"href":"https:\/\/www.uskvbl.sk\/index.php?rest_route=\/wp\/v2\/pages\/64","targetHints":{"allow":["GET"]}}],"collection":[{"href":"https:\/\/www.uskvbl.sk\/index.php?rest_route=\/wp\/v2\/pages"}],"about":[{"href":"https:\/\/www.uskvbl.sk\/index.php?rest_route=\/wp\/v2\/types\/page"}],"author":[{"embeddable":true,"href":"https:\/\/www.uskvbl.sk\/index.php?rest_route=\/wp\/v2\/users\/1"}],"replies":[{"embeddable":true,"href":"https:\/\/www.uskvbl.sk\/index.php?rest_route=%2Fwp%2Fv2%2Fcomments&post=64"}],"version-history":[{"count":6,"href":"https:\/\/www.uskvbl.sk\/index.php?rest_route=\/wp\/v2\/pages\/64\/revisions"}],"predecessor-version":[{"id":8319,"href":"https:\/\/www.uskvbl.sk\/index.php?rest_route=\/wp\/v2\/pages\/64\/revisions\/8319"}],"wp:attachment":[{"href":"https:\/\/www.uskvbl.sk\/index.php?rest_route=%2Fwp%2Fv2%2Fmedia&parent=64"}],"curies":[{"name":"wp","href":"https:\/\/api.w.org\/{rel}","templated":true}]}}