{"id":4391,"date":"2020-09-30T11:29:48","date_gmt":"2020-09-30T09:29:48","guid":{"rendered":"http:\/\/www.uskvbl.sk\/?page_id=4391"},"modified":"2026-04-15T13:38:06","modified_gmt":"2026-04-15T11:38:06","slug":"ponuka-volneho-pracovneho-miesta","status":"publish","type":"page","link":"https:\/\/www.uskvbl.sk\/?page_id=4391","title":{"rendered":"Ponuka vo\u013en\u00e9ho pracovn\u00e9ho miesta"},"content":{"rendered":"\n<p>&#8212;&#8212;&#8212;&#8212;&#8212;&#8212;&#8212;&#8212;&#8212;&#8212;&#8212;&#8212;&#8212;&#8212;&#8212;&#8212;&#8212;&#8212;&#8212;&#8212;&#8212;&#8212;&#8212;&#8212;&#8212;&#8212;&#8212;&#8212;&#8212;&#8212;&#8212;&#8212;&#8212;&#8212;&#8212;&#8212;&#8212;&#8212;&#8212;&#8212;<\/p>\n\n\n\n<p><strong>Funkcia: \u0161t\u00e1tny radca<\/strong><\/p>\n\n\n\n<p><strong>Organiza\u010dn\u00fd \u00fatvar: <\/strong>Odbor in\u0161pekcie<\/p>\n\n\n\n<p><strong>Miesto v\u00fdkonu \u0161t\u00e1tnej slu\u017eby: <\/strong>\u00dastav \u0161t\u00e1tnej kontroly veterin\u00e1rnych bioprepar\u00e1tov a&nbsp;lie\u010div, Biovetsk\u00e1 34, 949 01&nbsp; Nitra<\/p>\n\n\n\n<p><strong>N\u00e1pl\u0148 pr\u00e1ce:<\/strong><\/p>\n\n\n\n<p><strong>Najn\u00e1ro\u010dnej\u0161ia \u010dinnos\u0165<\/strong> &#8211; Kontroln\u00e1, in\u0161pek\u010dn\u00e1, dozorn\u00e1 \u010dinnos\u0165 na \u00farovni org\u00e1nu \u0161t\u00e1tnej spr\u00e1vy s celo\u0161t\u00e1tnou p\u00f4sobnos\u0165ou.<\/p>\n\n\n\n<p><strong>Bli\u017e\u0161ie ur\u010den\u00e1 najn\u00e1ro\u010dnej\u0161ia \u010dinnos\u0165<\/strong> &#8211; Vykon\u00e1vanie komplexnej in\u0161pek\u010dnej \u010dinnosti, in\u0161pekcie v subjektoch s vysokou n\u00e1ro\u010dnos\u0165ou v\u00fdrobn\u00fdch a technologick\u00fdch procesov s\u00a0oh\u013eadom na dodr\u017eiavanie spr\u00e1vnej v\u00fdrobnej praxe (v\u0161etky typy in\u0161pekci\u00ed GMP &#8211; vstupn\u00e1, n\u00e1sledn\u00e1, neohl\u00e1sen\u00e1, pl\u00e1novan\u00e1, cielen\u00e1, produktov\u00e1 a\u00a0pod.), a\u00a0s\u00a0t\u00fdm s\u00favisiacich \u010dinnost\u00ed, vr\u00e1tane kontroly plnenia n\u00e1pravn\u00fdch opatren\u00ed pre odstr\u00e1nenie zisten\u00fdch nedostatkov, pr\u00edpravy podkladov na rozhodovanie o povolen\u00ed,\u00a0 pozastaven\u00ed, zru\u0161en\u00ed povolen\u00ed a pod. a\u00a0rie\u0161enia podnetov, odvolan\u00ed a s\u0165a\u017enost\u00ed pri:<\/p>\n\n\n\n<ul class=\"wp-block-list\">\n<li>v\u00fdrobe veterin\u00e1rnych liekov<\/li>\n\n\n\n<li>pri v\u00fdrobe \u00fa\u010dinn\u00fdch l\u00e1tok pou\u017e\u00edvan\u00fdch ako vstupn\u00e9 suroviny pri v\u00fdrobe veterin\u00e1rnych liekov.<\/li>\n<\/ul>\n\n\n\n<p>\u00da\u010das\u0165 na v\u00fdkone kontrol\/in\u0161pekci\u00ed ako spoluin\u0161pektor a\u00a0spolupr\u00e1ca pri pr\u00edprave podkladov na rozhodovanie pri: \u010dinnosti kontroln\u00fdch laborat\u00f3ri\u00ed, v\u00fdrobe medikovan\u00fdch krm\u00edv a\u00a0s\u00a0t\u00fdm s\u00favisiace \u010dinnosti, v\u00fdrobe veterin\u00e1rnych autog\u00e9nnych vakc\u00edn. Zabezpe\u010dovanie agendy registr\u00e1cie v\u00fdrobcov \u00fa\u010dinn\u00fdch l\u00e1tok a\u00a0dovozcov \u00fa\u010dinn\u00fdch l\u00e1tok z\u00a0tret\u00edch kraj\u00edn.<\/p>\n\n\n\n<p><strong>Kvalifika\u010dn\u00e9 predpoklady: <\/strong>vysoko\u0161kolsk\u00e9 vzdelanie II. stup\u0148a v&nbsp;odbore: ch\u00e9mia, veterin\u00e1rne lek\u00e1rstvo, biol\u00f3gia, farm\u00e1cia a pr\u00edbuzn\u00e9 odbory.<\/p>\n\n\n\n<p><strong>\u010eal\u0161ie po\u017eiadavky:<\/strong> Pr\u00e1ca s&nbsp;PC, Excel, Word, webov\u00fdmi aplik\u00e1ciami, znalos\u0165 cudzieho jazyka: anglick\u00fd \u2013 B1, vodi\u010dsk\u00fd preukaz skupiny B.<\/p>\n\n\n\n<p><strong>Platov\u00e9 podmienky: <\/strong>v&nbsp;zmysle z\u00e1kona \u010d. 55\/2017 Z.Z. o&nbsp;\u0161t\u00e1tnej slu\u017ebe v&nbsp;znen\u00ed neskor\u0161\u00edch predpisov PT7.<\/p>\n\n\n\n<p>Prax \u2013 vhodn\u00e9 pre absolventa \u2013 za\u0161kol\u00edme.<\/p>\n\n\n\n<p><strong>Inform\u00e1cie o&nbsp;v\u00fdberovom konan\u00ed:<\/strong> Znalos\u0165 \u00fastavy SR a&nbsp;z\u00e1konov: Z\u00e1kon \u010d. 362\/2011 Z. z. o&nbsp;liekoch a&nbsp;zdravotn\u00edckych pom\u00f4ckach, Z\u00e1kon \u010d.39\/2007 Z. z. o&nbsp;veterin\u00e1rnej starostlivosti, Z\u00e1kon \u010d. 55\/2017 Z. z. o \u0161t\u00e1tnej slu\u017ebe a&nbsp;o&nbsp;zmene a&nbsp;doplnen\u00ed niektor\u00fdch z\u00e1konov.<\/p>\n\n\n\n<p><strong>V pr\u00edpade z\u00e1ujmu o miesto bli\u017e\u0161ie inform\u00e1cie z\u00edskate:<\/strong><br>Mgr. Martina \u0160illerov\u00e1<br>Osobn\u00fd \u00farad<br>tel.: +42137 6933 514<br>email: martina.sillerova@uskvbl.sk<\/p>\n\n\n\n<p><\/p>\n","protected":false},"excerpt":{"rendered":"<p>&#8212;&#8212;&#8212;&#8212;&#8212;&#8212;&#8212;&#8212;&#8212;&#8212;&#8212;&#8212;&#8212;&#8212;&#8212;&#8212;&#8212;&#8212;&#8212;&#8212;&#8212;&#8212;&#8212;&#8212;&#8212;&#8212;&#8212;&#8212;&#8212;&#8212;&#8212;&#8212;&#8212;&#8212;&#8212;&#8212;&#8212;&#8212;&#8212;&#8212; Funkcia: \u0161t\u00e1tny radca Organiza\u010dn\u00fd \u00fatvar: Odbor in\u0161pekcie Miesto v\u00fdkonu \u0161t\u00e1tnej slu\u017eby: \u00dastav \u0161t\u00e1tnej kontroly veterin\u00e1rnych bioprepar\u00e1tov a&nbsp;lie\u010div, Biovetsk\u00e1 34, 949 01&nbsp; Nitra N\u00e1pl\u0148 pr\u00e1ce: Najn\u00e1ro\u010dnej\u0161ia \u010dinnos\u0165 &#8211; Kontroln\u00e1, in\u0161pek\u010dn\u00e1, dozorn\u00e1 \u010dinnos\u0165 na \u00farovni org\u00e1nu \u0161t\u00e1tnej spr\u00e1vy s celo\u0161t\u00e1tnou p\u00f4sobnos\u0165ou. &hellip; <a href=\"https:\/\/www.uskvbl.sk\/?page_id=4391\">Pokra\u010dova\u0165 v \u010d\u00edtan\u00ed <span class=\"meta-nav\">&rarr;<\/span><\/a><\/p>\n","protected":false},"author":1,"featured_media":0,"parent":0,"menu_order":0,"comment_status":"closed","ping_status":"closed","template":"onecolumn-page.php","meta":{"footnotes":""},"class_list":["post-4391","page","type-page","status-publish","hentry"],"_links":{"self":[{"href":"https:\/\/www.uskvbl.sk\/index.php?rest_route=\/wp\/v2\/pages\/4391","targetHints":{"allow":["GET"]}}],"collection":[{"href":"https:\/\/www.uskvbl.sk\/index.php?rest_route=\/wp\/v2\/pages"}],"about":[{"href":"https:\/\/www.uskvbl.sk\/index.php?rest_route=\/wp\/v2\/types\/page"}],"author":[{"embeddable":true,"href":"https:\/\/www.uskvbl.sk\/index.php?rest_route=\/wp\/v2\/users\/1"}],"replies":[{"embeddable":true,"href":"https:\/\/www.uskvbl.sk\/index.php?rest_route=%2Fwp%2Fv2%2Fcomments&post=4391"}],"version-history":[{"count":64,"href":"https:\/\/www.uskvbl.sk\/index.php?rest_route=\/wp\/v2\/pages\/4391\/revisions"}],"predecessor-version":[{"id":9570,"href":"https:\/\/www.uskvbl.sk\/index.php?rest_route=\/wp\/v2\/pages\/4391\/revisions\/9570"}],"wp:attachment":[{"href":"https:\/\/www.uskvbl.sk\/index.php?rest_route=%2Fwp%2Fv2%2Fmedia&parent=4391"}],"curies":[{"name":"wp","href":"https:\/\/api.w.org\/{rel}","templated":true}]}}