{"id":390,"date":"2020-03-02T15:07:28","date_gmt":"2020-03-02T14:07:28","guid":{"rendered":"http:\/\/www2.uskvbl.sk\/?page_id=390"},"modified":"2024-05-29T11:57:18","modified_gmt":"2024-05-29T09:57:18","slug":"opolitika-kvality","status":"publish","type":"page","link":"https:\/\/www.uskvbl.sk\/?page_id=390","title":{"rendered":"POLITIKA KVALITY"},"content":{"rendered":"\n<p>Politika kvality \u00da\u0160KVBL sa zameriava na d\u00f4sledn\u00e9 plnenie \u00faloh a povinnost\u00ed, ktor\u00e9 \u00da\u0160KVBL vypl\u00fdvaj\u00fa z&nbsp;jeho postavenia v&nbsp;\u0161trukt\u00fare \u0161t\u00e1tnej spr\u00e1vy Slovenskej republiky a&nbsp;z platn\u00fdch pr\u00e1vnych prepisov a noriem z\u00e1v\u00e4zn\u00fdch pre \u00da\u0160KVBL.&nbsp;<\/p>\n\n\n\n<p>V&nbsp;r\u00e1mci politiky kvality sa mana\u017ement akt\u00edvne anga\u017euje za vytv\u00e1ranie podmienok pre uplat\u0148ovanie syst\u00e9mu mana\u017e\u00e9rstva kvality v s\u00falade s krit\u00e9riami STN EN ISO 9001, STN EN ISO 9004, STN EN ISO\/IEC 17025 vo v\u0161etk\u00fdch ich aspektoch a&nbsp;za naplnenie cie\u013eov zameran\u00fdch na&nbsp;z\u00e1kazn\u00edkov, zainteresovan\u00e9 strany a zamestnancov \u00da\u0160KVBL.&nbsp;<\/p>\n\n\n\n<div class=\"wp-block-file\"><a id=\"wp-block-file--media-e28e4aec-aab3-43fb-861f-7ae54103f0f2\" href=\"https:\/\/www.uskvbl.sk\/wp-content\/uploads\/politika_kvality_uskvbl.pdf\" target=\"_blank\" rel=\"noreferrer noopener\">Politika kvality<\/a><\/div>\n\n\n\n<div class=\"wp-block-file\"><a id=\"wp-block-file--media-d3ae686d-d605-4710-8b06-07e42db9077d\" href=\"https:\/\/www.uskvbl.sk\/wp-content\/uploads\/Strategicky_plan_uskvbl.pdf\" target=\"_blank\" rel=\"noreferrer noopener\">Strategick\u00fd pl\u00e1n<\/a><\/div>\n","protected":false},"excerpt":{"rendered":"<p>Politika kvality \u00da\u0160KVBL sa zameriava na d\u00f4sledn\u00e9 plnenie \u00faloh a povinnost\u00ed, ktor\u00e9 \u00da\u0160KVBL vypl\u00fdvaj\u00fa z&nbsp;jeho postavenia v&nbsp;\u0161trukt\u00fare \u0161t\u00e1tnej spr\u00e1vy Slovenskej republiky a&nbsp;z platn\u00fdch pr\u00e1vnych prepisov a noriem z\u00e1v\u00e4zn\u00fdch pre \u00da\u0160KVBL.&nbsp; V&nbsp;r\u00e1mci politiky kvality sa mana\u017ement akt\u00edvne anga\u017euje za vytv\u00e1ranie podmienok &hellip; <a href=\"https:\/\/www.uskvbl.sk\/?page_id=390\">Pokra\u010dova\u0165 v \u010d\u00edtan\u00ed <span class=\"meta-nav\">&rarr;<\/span><\/a><\/p>\n","protected":false},"author":1,"featured_media":0,"parent":0,"menu_order":0,"comment_status":"closed","ping_status":"closed","template":"","meta":{"footnotes":""},"class_list":["post-390","page","type-page","status-publish","hentry"],"_links":{"self":[{"href":"https:\/\/www.uskvbl.sk\/index.php?rest_route=\/wp\/v2\/pages\/390","targetHints":{"allow":["GET"]}}],"collection":[{"href":"https:\/\/www.uskvbl.sk\/index.php?rest_route=\/wp\/v2\/pages"}],"about":[{"href":"https:\/\/www.uskvbl.sk\/index.php?rest_route=\/wp\/v2\/types\/page"}],"author":[{"embeddable":true,"href":"https:\/\/www.uskvbl.sk\/index.php?rest_route=\/wp\/v2\/users\/1"}],"replies":[{"embeddable":true,"href":"https:\/\/www.uskvbl.sk\/index.php?rest_route=%2Fwp%2Fv2%2Fcomments&post=390"}],"version-history":[{"count":9,"href":"https:\/\/www.uskvbl.sk\/index.php?rest_route=\/wp\/v2\/pages\/390\/revisions"}],"predecessor-version":[{"id":8587,"href":"https:\/\/www.uskvbl.sk\/index.php?rest_route=\/wp\/v2\/pages\/390\/revisions\/8587"}],"wp:attachment":[{"href":"https:\/\/www.uskvbl.sk\/index.php?rest_route=%2Fwp%2Fv2%2Fmedia&parent=390"}],"curies":[{"name":"wp","href":"https:\/\/api.w.org\/{rel}","templated":true}]}}