{"id":387,"date":"2020-03-02T14:58:57","date_gmt":"2020-03-02T13:58:57","guid":{"rendered":"http:\/\/www2.uskvbl.sk\/?page_id=387"},"modified":"2026-04-21T11:29:46","modified_gmt":"2026-04-21T09:29:46","slug":"organizacna-struktura-uskvbl","status":"publish","type":"page","link":"https:\/\/www.uskvbl.sk\/?page_id=387","title":{"rendered":"Postavenie a\u00a0organiza\u010dn\u00e1 \u0161trukt\u00fara\u00a0\u00da\u0160KVBL"},"content":{"rendered":"\n<p>\u00dastav \u0161t\u00e1tnej kontroly veterin\u00e1rnych bioprepar\u00e1tov a lie\u010div (\u00da\u0160KVBL) je org\u00e1nom verejnej moci v oblasti veterin\u00e1rnej farm\u00e1cie s celo\u0161t\u00e1tnou p\u00f4sobnos\u0165ou a medzin\u00e1rodn\u00fdm presahom.<\/p>\n\n\n\n<h4 class=\"wp-block-heading\"><strong>Zria\u010fovate\u013e a&nbsp;riadenie<\/strong><\/h4>\n\n\n\n<p>\u00da\u0160KVBL je zriaden\u00fd Ministerstvom p\u00f4dohospod\u00e1rstva a rozvoja vidieka Slovenskej republiky, ktor\u00e9 je z\u00e1rove\u0148 jeho priamo nadriaden\u00fdm org\u00e1nom.<\/p>\n\n\n\n<p>Na \u010dele \u00da\u0160KVBL stoj\u00ed gener\u00e1lny tajomn\u00edk slu\u017eobn\u00e9ho \u00faradu.<\/p>\n\n\n\n<p>Metodick\u00e9 riadenie, usmer\u0148ovanie a v\u00fdkon \u0161t\u00e1tnej spr\u00e1vy, ako aj zabezpe\u010denie plnenia \u00faloh \u00da\u0160KVBL vr\u00e1tane pr\u00edpravy a realiz\u00e1cie kontraktov a zml\u00fav s organiz\u00e1ciami, zabezpe\u010duje Sekcia po\u013enohospod\u00e1rstva MPRV SR (Organiza\u010dn\u00fd poriadok MPRV SR \u010d. 5028\/2025-250).<\/p>\n\n\n\n<h4 class=\"wp-block-heading\"><strong>Pr\u00e1vne postavenie a&nbsp;financovanie<\/strong><\/h4>\n\n\n\n<p>\u00da\u0160KVBL je rozpo\u010dtovou organiz\u00e1ciou s pr\u00e1vnou subjektivitou. V zmysle z\u00e1kona \u010d. 39\/2007 Z. z. o veterin\u00e1rnej starostlivosti je finan\u010dne napojen\u00fd na rozpo\u010det \u0160t\u00e1tnej veterin\u00e1rnej a potravinovej spr\u00e1vy Slovenskej republiky.<\/p>\n\n\n\n<p>\u00dastav vystupuje vo vlastnom mene pri uzatv\u00e1ran\u00ed zml\u00fav a v majetkovo-pr\u00e1vnych, pracovnopr\u00e1vnych a in\u00fdch pr\u00e1vnych vz\u0165ahoch.<\/p>\n\n\n\n<h4 class=\"wp-block-heading\"><strong>Charakter organiz\u00e1cie<\/strong><\/h4>\n\n\n\n<p>\u00da\u0160KVBL tvor\u00ed jednotn\u00fd, funk\u010dn\u00fd, organiza\u010dn\u00fd a hospod\u00e1rsky celok.<\/p>\n\n\n\n<div class=\"wp-block-file\"><a id=\"wp-block-file--media-dddabdd5-93f4-4a05-9257-95e0e7329d3d\" href=\"https:\/\/www.uskvbl.sk\/wp-content\/uploads\/zriadovacia_listina.pdf\" target=\"_blank\" rel=\"noreferrer noopener\">Zria\u010fovacia listina<\/a><\/div>\n\n\n\n<div class=\"wp-block-file\"><a id=\"wp-block-file--media-9fab835c-a0a7-4312-92a3-5922b53d3bce\" href=\"https:\/\/www.uskvbl.sk\/wp-content\/uploads\/statut_uskvbl.pdf\" target=\"_blank\" rel=\"noreferrer noopener\">\u0160tat\u00fat \u00da\u0160KVBL<\/a><\/div>\n\n\n\n<div class=\"wp-block-file\"><a id=\"wp-block-file--media-199b62a0-37b3-4eb6-aeba-c24e90806b8c\" href=\"https:\/\/www.uskvbl.sk\/wp-content\/uploads\/org._struktura.pdf\" target=\"_blank\" rel=\"noreferrer noopener\">Organiza\u010dn\u00e1 \u0161trukt\u00fara \u00da\u0160KVBL Nitra<\/a><\/div>\n\n\n\n<p><\/p>\n","protected":false},"excerpt":{"rendered":"<p>\u00dastav \u0161t\u00e1tnej kontroly veterin\u00e1rnych bioprepar\u00e1tov a lie\u010div (\u00da\u0160KVBL) je org\u00e1nom verejnej moci v oblasti veterin\u00e1rnej farm\u00e1cie s celo\u0161t\u00e1tnou p\u00f4sobnos\u0165ou a medzin\u00e1rodn\u00fdm presahom. Zria\u010fovate\u013e a&nbsp;riadenie \u00da\u0160KVBL je zriaden\u00fd Ministerstvom p\u00f4dohospod\u00e1rstva a rozvoja vidieka Slovenskej republiky, ktor\u00e9 je z\u00e1rove\u0148 jeho priamo nadriaden\u00fdm &hellip; <a href=\"https:\/\/www.uskvbl.sk\/?page_id=387\">Pokra\u010dova\u0165 v \u010d\u00edtan\u00ed <span class=\"meta-nav\">&rarr;<\/span><\/a><\/p>\n","protected":false},"author":1,"featured_media":0,"parent":0,"menu_order":0,"comment_status":"closed","ping_status":"closed","template":"","meta":{"footnotes":""},"class_list":["post-387","page","type-page","status-publish","hentry"],"_links":{"self":[{"href":"https:\/\/www.uskvbl.sk\/index.php?rest_route=\/wp\/v2\/pages\/387","targetHints":{"allow":["GET"]}}],"collection":[{"href":"https:\/\/www.uskvbl.sk\/index.php?rest_route=\/wp\/v2\/pages"}],"about":[{"href":"https:\/\/www.uskvbl.sk\/index.php?rest_route=\/wp\/v2\/types\/page"}],"author":[{"embeddable":true,"href":"https:\/\/www.uskvbl.sk\/index.php?rest_route=\/wp\/v2\/users\/1"}],"replies":[{"embeddable":true,"href":"https:\/\/www.uskvbl.sk\/index.php?rest_route=%2Fwp%2Fv2%2Fcomments&post=387"}],"version-history":[{"count":29,"href":"https:\/\/www.uskvbl.sk\/index.php?rest_route=\/wp\/v2\/pages\/387\/revisions"}],"predecessor-version":[{"id":9585,"href":"https:\/\/www.uskvbl.sk\/index.php?rest_route=\/wp\/v2\/pages\/387\/revisions\/9585"}],"wp:attachment":[{"href":"https:\/\/www.uskvbl.sk\/index.php?rest_route=%2Fwp%2Fv2%2Fmedia&parent=387"}],"curies":[{"name":"wp","href":"https:\/\/api.w.org\/{rel}","templated":true}]}}